 divided by 28?
27
Suppose 21*s - 124 = 380. What is the remainder when s is divided by 8?
0
Let p = -5 - -16. Suppose 0 = 5*v + 5*h - 125, -7*h = -3*h + 4. Let k = v + 3. Calculate the remainder when k is divided by p.
7
Let d(l) = -l**2 - 55*l + 89. What is the remainder when d(-27) is divided by 11?
9
Suppose 42 = 15*g - 3. Suppose 44 = 4*w + 4*f, w + 2*w - 57 = 5*f. Calculate the remainder when w is divided by g.
2
Let b be 0 - (-187)/2 - 21/42. Suppose 231 = 4*j - b. What is the remainder when j is divided by 42?
39
Calculate the remainder when (-4)/(-6)*(-188094)/(-188) is divided by 22.
7
Let i = 24 + 2. Suppose 8*l = -4*l + 900. What is the remainder when l is divided by i?
23
Suppose 244 - 628 = -4*p. Calculate the remainder when p is divided by 26.
18
Suppose -5*i = -2*b - 1 - 0, -4 = -3*b + 2*i. Suppose 0 = 4*q - v - 105, -7*q + 10*q = b*v + 75. What is the remainder when 80 is divided by q?
26
Let c(f) = -f**3 + 9*f**2 + 13*f - 14. Let s be c(10). Suppose 0 = 4*d + 5*p - 54, 4*d - s - 34 = -3*p. What is the remainder when 53 is divided by d?
9
Suppose 6*p + 32 = 2*p. Let y = 14 + p. Calculate the remainder when 16 is divided by y.
4
Let v(m) = 4*m**3 - 19*m**2 + 11*m - 18. Let q(t) = 3*t**3 - 13*t**2 + 7*t - 12. Let b(s) = 7*q(s) - 5*v(s). What is the remainder when 21 is divided by b(-5)?
10
Let z(l) = 9*l**3 - l**2 + l - 1. Suppose 16 = 3*f - 53. Let c = 38 - f. Calculate the remainder when c is divided by z(1).
7
Let a(k) = 2*k**3 + 29*k**2 - 18*k + 5. Let u = -101 - -86. What is the remainder when a(u) is divided by 18?
14
Suppose t + 12 = 2*v - 4, -t = -5*v + 34. Calculate the remainder when ((-324)/3)/(-4) + 0 + 2 is divided by v.
5
Suppose 250*k + 26 = 252*k. What is the remainder when 140 is divided by k?
10
Suppose 9*g - 314 - 37 = 0. Calculate the remainder when g is divided by 10.
9
What is the remainder when 37 is divided by (-12)/(1*(-1 - 0))?
1
Suppose 3*o - 2*o = 5*c - 12, 2*o + c - 31 = 0. Calculate the remainder when 596 is divided by o.
11
Let x(b) = -b**2 + 43*b + 58. Calculate the remainder when x(36) is divided by 21.
16
Let i be 30*2*22/33. Suppose -a - 110 = -5*f, -a - 129 = -4*f - i. What is the remainder when 67 is divided by f + (-1 + 2)*-4?
16
Let k(v) = 14*v - 98. What is the remainder when k(27) is divided by 20?
0
Calculate the remainder when 36*((-14)/(-4) - 1) is divided by 46.
44
Suppose 3*c - 17 - 59 = -4*l, -10 = 5*l. Let d = c + -24. Suppose -d*h = -11 - 197. What is the remainder when h is divided by 14?
10
What is the remainder when 147 is divided by -2 - (557/(-7) - (-75)/(-175))?
69
Suppose 0 = -62*k + 54*k + 408. Calculate the remainder when k is divided by 29.
22
Let b(o) = 4*o**2 - 2*o - 1. Let u be -1 + 3 + -4 + 5. Suppose 2 = 4*h + u*s - 75, s + 1 = 0. Calculate the remainder when h is divided by b(2).
9
Let w(p) = p - 1. Let c(t) = t**2 - 7*t - 23. What is the remainder when c(10) is divided by w(4)?
1
Let x(a) = 19*a - 1. Suppose -23*c = -1346 + 311. Calculate the remainder when x(7) is divided by c.
42
Suppose 10*g - 130 = 8*g. Calculate the remainder when g is divided by 25.
15
Suppose 776 = 19*o - 706. What is the remainder when o is divided by 31?
16
Suppose 3*l = 3, -2*t - l + 68 = -9. What is the remainder when 64 is divided by t?
26
Let q(j) = j**2 - 5*j + 2. Let y be q(5). Suppose -2*f + 320 = 3*f. Calculate the remainder when f is divided by ((-13)/(-4))/(y/8).
12
Suppose 4*m = 37 + 107. Suppose -4*t + 3*u = -2*u - m, -5*u + 9 = t. What is the remainder when 16 is divided by t?
7
Suppose -4*r + 2*i - 7*i + 1026 = 0, -3*r + i = -779. Calculate the remainder when r is divided by 29.
27
What is the remainder when 45 is divided by ((-8)/(-5))/(2/20)?
13
Let v(f) = -13*f + 1 - 7*f + 17*f - 11*f**2. Let a(u) = 11*u**2 + 4*u - 2. Let g(j) = -4*a(j) - 6*v(j). Calculate the remainder when g(-1) is divided by 6.
4
Suppose 0 = 61*f - 63*f + 30. What is the remainder when 26 is divided by f?
11
Suppose -491 - 565 = -16*h. What is the remainder when 272 is divided by h?
8
What is the remainder when (-1)/9 - (-2882)/18 is divided by 33?
28
Suppose 26*z - 1326 = 52. What is the remainder when 102 is divided by z?
49
Let q = 1672 + -1657. What is the remainder when 809 is divided by q?
14
Let g = -177 - -232. Calculate the remainder when 169 is divided by g.
4
Let l be 2/8 - 33/(-12). Let p(f) = 6*f + 2. Let t be p(l). Suppose -8 = o - t. What is the remainder when 33 is divided by o?
9
Suppose -2*d = -0*d - 10. Suppose 3*t - 15 = -3*c, 26 = d*c - 5*t + 1. What is the remainder when 0 - (16/(-6))/(8/48) is divided by c?
1
Suppose -3*x - 254 = 2*c, 0*c + 5*x = -5*c - 630. Let w = -108 - c. Calculate the remainder when 5*((-276)/(-10))/3 is divided by w.
14
Let g be 16/9 + (-6)/(-27). Suppose -f - 3 = 0, -3*w + 4*w - g*f = 19. Calculate the remainder when 45 is divided by w.
6
Let b(q) = 164*q**2 + q. Let s be 2 - 5/(20/4). Calculate the remainder when b(s) is divided by 28.
25
Suppose 4*x + 2*x - 66 = 0. Suppose -x*i + 55 = -22. What is the remainder when 19 is divided by i?
5
Let l = 139 + -47. Calculate the remainder when l is divided by (-5)/30*(-5 + 1)*1938/68.
16
Let z = -10 + 15. Let d = 24 + -8. Calculate the remainder when d is divided by z.
1
Let b be 3/(1 + -2)*(-220)/33. Suppose 0 = -5*z - b, -z = -2*a + z + 52. Calculate the remainder when a is divided by 5.
2
Suppose 0 = -5*u + 3*q - 4*q + 434, 3*q = 4*u - 332. What is the remainder when 857 is divided by u?
83
Let y = -324 - -344. Let m(l) = 8*l**3 + 4*l**2 - 4*l + 3. Calculate the remainder when m(2) is divided by y.
15
Let w be (-1)/(9/(-6)) + (-152)/(-24). Suppose 11*s - 80 = w*s. What is the remainder when 79 is divided by s?
19
Suppose -5*d + 14 = -31. Calculate the remainder when ((-180)/(-8))/d*10 is divided by (-26)/(-4)*(9 - 7).
12
Suppose 3 = 2*k - 7. Suppose -5*f = -3*h - 35, 0 = -3*f + k*f - 4*h - 28. What is the remainder when (f/(-3))/(1/(-33)) is divided by 23?
21
What is the remainder when -1 + (-8)/2 + 162 is divided by 69?
19
Let n(a) = 3 - a**3 + 5*a**3 + a**2 + 1 - 5*a**3. What is the remainder when 11 is divided by n(0)?
3
Let p = -14 - -19. Let u be (8 + -3)*(-2)/p. What is the remainder when (-66)/(-78) + u/(-13) is divided by 1?
0
Suppose 0 = 3*d - 17 + 50. Let v(t) = -t**3 - 11*t**2 - 3*t - 24. What is the remainder when v(d) is divided by -3*(0 - (-1)/(-1))?
0
Let j = 131 - -107. What is the remainder when j is divided by 6?
4
Let d(s) = -s**2 + 3*s + 4. Let l be d(5). Let z = 7 + l. Suppose 3*m - 88 = -4*k, m = -2*k + 29 + z. Calculate the remainder when m is divided by 10.
8
Let f(h) = 3*h**2 + 24*h - 7. Calculate the remainder when 77 is divided by f(-9).
17
Let o = -155 + 177. What is the remainder when 166 is divided by o?
12
Let g(p) = p + 6. Let o be g(-6). Suppose o = -r - 3*r + 28. Let n = r - -2. What is the remainder when 15 is divided by n?
6
Let o be -3 - 1 - (-20 - -4). Suppose 4*b + o - 100 = 0. Suppose 3*a - 9 - 9 = 0. Calculate the remainder when b is divided by a.
4
Let f(k) = -7*k**2 + 2*k + 41. Let i(z) = 2*z**2 - z - 14. Let l(n) = -4*f(n) - 11*i(n). Calculate the remainder when l(3) is divided by 11.
9
Suppose -40*z + 1 = -359. Calculate the remainder when 62 is divided by z.
8
Suppose 283 = 4*q + v - 208, 2*q - 232 = 4*v. Suppose -4*z = 46*u - 48*u - 154, 5*z - 4*u = 185. What is the remainder when q is divided by z?
40
Suppose 29*d = 26*d + 447. Suppose -11 = -8*v + d. What is the remainder when 38 is divided by v?
18
Let q be (-1)/4 - 22/8 - -645. Suppose 10*n = 4*n + q. What is the remainder when n is divided by 9?
8
Suppose 538*v - 536*v = 50. Calculate the remainder when v is divided by 15.
10
Suppose 2*f - 485 = -5*l, -4*l + 2*f = -2*f - 388. What is the remainder when l is divided by ((-17)/(-1)*-1)/(1/(-2))?
29
Suppose -8*o = -2*o - 6. Calculate the remainder when 46 is divided by o*(-4 - 0) - -8.
2
Let a = 26 + -27. What is the remainder when 41 is divided by 0 + a - (-21 - 1)?
20
Let a(r) = -r**3 - r**2 + 2. Let p be a(0). Suppose 0 = -p*d + 44 + 14. What is the remainder when 54 is divided by d?
25
Let p(a) = -a + 1. Let s be p(-7). Let l(k) = k**3 - 8*k**2 + 9*k + 3. What is the remainder when l(s) is divided by 11?
9
Suppose 2803 = 13*h + 814. What is the remainde